- 6*o**2 - o - 2. Determine j(-6).
4
Let p(s) = -4*s + 185. Calculate p(47).
-3
Let m(v) = -2*v**3 - 5*v**2 - v + 5. Calculate m(-3).
17
Let d(t) = -t**3 + 16*t**2 - 30*t + 26. Give d(14).
-2
Let d(k) = -k + 4. Give d(1).
3
Let c(y) = -y**2 + 12*y - 16. Determine c(10).
4
Let i(h) = h**2 - 26*h - 117. Calculate i(-5).
38
Let f(i) = i**3 - 7*i**2 - 2*i + 7. Give f(6).
-41
Let i(o) = 2*o**3 - o**2 - 2*o - 1. Calculate i(2).
7
Let o(t) = -25*t**3 - 2*t**2 + t. Give o(1).
-26
Let c(m) = -5*m + 9. Give c(5).
-16
Let p(u) = u**3 + 3*u**2 + u - 2. Give p(-3).
-5
Let w(r) = -r**3 - 7*r**2 + 4. Calculate w(-6).
-32
Let n(t) = -t**2 - 20*t + 132. Calculate n(5).
7
Let z(t) = 4*t**2 - 5*t + 7. What is z(3)?
28
Let u(j) = -2*j**2 + 2*j. Calculate u(-2).
-12
Let p(g) = g**3 - 16*g**2 + 17*g - 19. What is p(15)?
11
Let z(f) = f**3 + 7*f**2 - 10*f - 24. Give z(-8).
-8
Let l(m) = -2*m**2 + 23*m + 42. Give l(13).
3
Let n(o) = 6*o - 20. Calculate n(0).
-20
Let k(o) = -o**2 + 3*o - 13. Give k(7).
-41
Let l(a) = 22*a - 169. Determine l(8).
7
Let l(o) = -o**2 - o + 5. Give l(-5).
-15
Let p(k) = 2*k**2 + 17*k + 8. What is p(-8)?
0
Let f(w) = 61*w - 13. Give f(-2).
-135
Let z(p) = p**2 - 5*p - 28. What is z(9)?
8
Let h(t) = -3*t - 49. Determine h(-11).
-16
Let t(q) = -4*q - 16. Give t(-5).
4
Let w(r) = -3*r + 34. What is w(11)?
1
Let v(t) = 9*t**2 - 4*t + 7. Give v(2).
35
Let x(c) = c**3 - 5*c + 1. Determine x(5).
101
Let a(z) = -10*z**3 + 2*z**2 - 1. Determine a(-1).
11
Let j(d) = d**3 - 9*d**2 - 2*d + 7. Determine j(7).
-105
Let q(a) = -48*a**2 + 4*a - 2. What is q(1)?
-46
Let v(w) = 19*w - 31. Determine v(5).
64
Let q(n) = 2*n**2 + 15*n - 222. What is q(-15)?
3
Let i(g) = g**2 + 6*g - 12. Determine i(-7).
-5
Let b(h) = -h**3 + 2*h**2 - h - 3. Determine b(2).
-5
Let r(o) = -o**3 - 3*o**2 + 2*o + 2. What is r(-2)?
-6
Let g(u) = -u**3 + u**2 - 2*u + 4. Calculate g(-3).
46
Let k(a) = -34*a + 301. Calculate k(9).
-5
Let f(p) = 2*p - 26. What is f(11)?
-4
Let s(a) = -18*a**2 - 52*a + 1. Give s(-3).
-5
Let h(j) = 4*j + 9. Calculate h(-4).
-7
Let f(c) = -c**3 + 3*c**2 + 3*c + 2. Determine f(4).
-2
Let s(j) = -j**2 - 8*j - 9. Determine s(-7).
-2
Let t(x) = x + 18. Give t(-19).
-1
Let i(u) = 73*u**3 + 2*u + 1. Determine i(-1).
-74
Let a(w) = -13*w - 108. Give a(-8).
-4
Let d(s) = -s + 38. Give d(13).
25
Let d(f) = -f + 2. Calculate d(0).
2
Let i(v) = -19*v + 3. Calculate i(2).
-35
Let o(b) = -b - 7. Give o(5).
-12
Let b(i) = -i**3 + 7*i**2 - i - 10. Calculate b(6).
20
Let u(g) = -3*g**2 - 2*g + 91. What is u(5)?
6
Let u(f) = f**3 + 5*f**2 + 9*f + 5. Give u(-5).
-40
Let s(j) = -55*j + 5. What is s(3)?
-160
Let v(g) = 2*g**3 - 5*g**2 + 4*g. Give v(3).
21
Let g(c) = -23*c + 4. What is g(2)?
-42
Let i(a) = -a**2 + 7. Give i(3).
-2
Let i(u) = -u**2 - 4. Calculate i(-3).
-13
Let m(b) = -2*b + 3. Calculate m(6).
-9
Let p(r) = r**2 - 15*r - 38. Give p(17).
-4
Let w(d) = -5*d + 2. Calculate w(-2).
12
Let c(s) = -s**3 + 4*s**2 + 13*s - 48. Calculate c(3).
0
Let n(t) = -t**2 + t + 3. Give n(6).
-27
Let s(n) = -n**2 - 17*n + 27. What is s(-20)?
-33
Let q(g) = -2*g**2 + 2*g + 3. Calculate q(4).
-21
Let v(i) = 28*i**2 - 4*i - 4. Calculate v(-1).
28
Let o(w) = 13*w**3 + w**2 + w + 2. Determine o(-1).
-11
Let k(v) = 35*v. Determine k(1).
35
Let s(m) = 247*m - 1730. Determine s(7).
-1
Let n(v) = -9*v - 212. Determine n(-25).
13
Let f(g) = -g**2 + 24*g - 29. Give f(14).
111
Let i(g) = -g**3 + 18*g**2 - 19*g + 30. What is i(17)?
-4
Let u(v) = -15*v + 289. Determine u(19).
4
Let s(k) = -5*k - 32. Determine s(-6).
-2
Let m(l) = -3*l**2 - 10*l + 87. What is m(4)?
-1
Let v(i) = -i**2 - 14*i + 87. What is v(-18)?
15
Let w(q) = -q**2 - 14*q - 18. What is w(-10)?
22
Let x(o) = o**2 + 53*o + 654. What is x(-34)?
8
Let q(c) = -c**3 - 7*c**2 - 6*c - 2. Give q(-6).
-2
Let j(r) = -r**3 + 7*r**2 - 3*r + 12. What is j(7)?
-9
Let x(a) = -a**2 + 36*a - 183. Determine x(6).
-3
Let i(m) = m**3 - 3*m**2 + m + 17. What is i(0)?
17
Let k(f) = -2*f**2 - 24*f - 21. Calculate k(-11).
1
Let u(g) = -g**2 + 44*g - 68. Calculate u(42).
16
Let g(h) = -h**3 - 11*h**2 - 23*h + 12. Determine g(-8).
4
Let t(x) = -2*x**3 + x**2 + x + 3. Give t(0).
3
Let m(p) = -p**3 + 5*p + 7. Give m(-3).
19
Let z(p) = 25*p + 81. Calculate z(-2).
31
Let v(i) = 4*i + 34. Calculate v(-9).
-2
Let f(j) = -2*j - 7. What is f(4)?
-15
Let a(p) = -12*p**3 - 4*p**2 + 5*p - 1. Calculate a(2).
-103
Let g(k) = -13*k**2 + 2*k + 1. What is g(-1)?
-14
Let o(b) = 2*b - 12. What is o(5)?
-2
Let s(m) = 43*m + 4. What is s(0)?
4
Let o(c) = -c**2 - 12*c - 4. Calculate o(-15).
-49
Let q(z) = -z**3 - 3*z**2 + 4*z + 13. Determine q(2).
1
Let g(q) = 8*q - 132. What is g(15)?
-12
Let g(n) = -n**2 - 22. Determine g(0).
-22
Let x(m) = m**3 + 7*m**2 + 6*m - 2. Determine x(-5).
18
Let u(n) = -6*n + 29. Calculate u(7).
-13
Let x(j) = j**2 - j + 2. Determine x(0).
2
Let f(t) = t**3 + 10*t**2 - 13*t - 2. What is f(-11)?
20
Let u(p) = 3*p**2 + 29*p + 45. What is u(-7)?
-11
Let k(m) = -16*m + 11. Calculate k(1).
-5
Let j(w) = -w**3 + 7*w**2 - 3*w + 6. What is j(7)?
-15
Let x(h) = h**2 - 13*h - 10. Give x(14).
4
Let j(o) = o**3 - 10*o**2 + 7. Determine j(10).
7
Let a(d) = d**3 + 12*d**2 - 3*d - 13. Calculate a(-12).
23
Let i(b) = -4*b - 72. Give i(-27).
36
Let x(r) = -r**3 - 31*r**2 - 59*r - 32. Calculate x(-29).
-3
Let d(z) = 2*z + 14. What is d(6)?
26
Let a(y) = -7*y + 234. Give a(32).
10
Let d(x) = -x**2 - 16*x + 19. Determine d(-17).
2
Let x(q) = q**3 + 8*q**2 + 3*q - 9. Calculate x(-7).
19
Let i(l) = -l**3 - 38*l**2 - 35*l + 67. What is i(-37)?
-7
Let m(u) = -u**2 + 9*u + 6. Calculate m(9).
6
Let f(u) = u**3 - 3*u**2 + 4*u - 3. Calculate f(3).
9
Let k(c) = c**2 + 10*c - 11. Determine k(-11).
0
Let d(l) = -7*l. Determine d(-1).
7
Let v(h) = -2*h**2 - 3*h + 1. What is v(-4)?
-19
Let k(v) = -v**2 - 8*v - 17. Give k(-12).
-65
Let p(g) = g + 2. Determine p(2).
4
Let b(a) = a - 20. What is b(9)?
-11
Let b(u) = 7*u + 31. Calculate b(-7).
-18
Let i(c) = -13*c - 2. Give i(0).
-2
Let u(f) = -20*f**3 + f**2 + 3*f + 2. Determine u(-1).
20
Let i(j) = j**3 - j - 18. Calculate i(0).
-18
Let q(a) = -a**2 - 2*a + 96. What is q(0)?
96
Let c(q) = -7*q**3 + 2*q**2 - 11*q + 9. Give c(1).
-7
Let a(p) = -10*p + 119. What is a(12)?
-1
Let x(g) = g**3 - 9*g - 7. Determine x(3).
-7
Let b(z) = z**3 + 6*z**2 - 3*z - 4. What is b(-6)?
14
Let m(v) = v**3 + 12*v**2 - 16*v - 40. Give m(-13).
-1
Let k(n) = -3*n**2 + 3*n + 4. What is k(3)?
-14
Let m(l) = 7*l - 15. Give m(6).
27
Let a(q) = -3*q**3 + 2*q**2 - q + 2. Give a(2).
-16
Let h(w) = -w + 1. What is h(6)?
-5
Let n(b) = b**3 - 13*b**2 + 9*b + 11. Calculate n(12).
-25
Let d(j) = j**3 - 2*j**2 - 33*j - 7. Give d(7).
7
Let x(q) = q**2 + 13*q + 16. Calculate x(-12).
4
Let u(l) = l**2 - 16*l - 26. Calculate u(11).
-81
Let p(z) = 10*z**3 - z**2 + 1. Calculate p(-1).
-10
Let f(z) = 17*z + 7. Give f(3).
58
Let n(h) = -h**3 - 30*h**2 - 221*h - 3. Calculate n(-13).
-3
Let u(p) = 2*p**2 - 10. Give u(4).
22
Let y(d) = d - 24. Calculate y(-11).
-35
Let p(o) = o**3 + 8*o**2 - 10*o - 2. Calculate p(-9).
7
Let d(v) = 404*v - 5. What is d(0)?
-5
Let o(a) = a - 18. Determine o(2).
-16
Let p(f) = f**3 - 9*f**2 - f + 12. Calculate p(9).
3
Let a(p) = 2*p + 19. Calculate a(-14).
-9
Let n(g) = g**3 + 7*g**2 - 11*g - 12. What is n(-8)?
12
Let t(o) = o - 9. Give t(0).
-9
Let u(h) = 2*h**3 - 4*h**2 + h - 1. Determine u(2).
1
Let g(z) = z**2 + 19*z + 99. What is g(-15)?
39
Let n(q) = 11*q - 181. Determine n(16).
-5
Let v(k) = -2*k + 11. Determine v(10).
-9
Let g(z) = 2*z + 21. Calculate g(-5).
11
Let k(b) = b**2 + 8*b - 9. Determine k(-10).
11
Let y(a) = -3*a - 2. Determine y(-2).
4
Let f(t) = -2*t**3 + 18*t**2 + 10*t + 14. Calculate f(10).
-86
Let k(f) = -16*f**2 - 512*f - 2. What is k(-32)?
-2
Let z(k) = -k**2 + 11*k + 18. What is z(10)?
28
Let v(l) = -2*l - 22. What is v(-7)?
-8
Let i(m) = -5*m - 40. Determine i(-12).
20
Let k(s) = -4*s + 1. What is k(-8)?
33
Let d(o) = o**3 - 6*o**2 - 3*o + 13. Determine d(6).
-5
Let v(u) = 2*u + 13. Give v(-6).
1
Let g(o) = o**3 + 9*o**2 + o + 3. Calculate g(-9).
-6
Let v(w) = 8*w**3 - 9*w**2 + 9*w. Give v(1).
8
Let s(f) = f**2 - 15*f + 34. Give s(13).
8
Let d(j) = -3*j**2 - 6*j + 2. Calculate d(-5).
-43
Let f(c) = 136*c + 692. Give